{"id":50,"date":"2024-07-09T23:42:15","date_gmt":"2024-07-09T23:42:15","guid":{"rendered":"https:\/\/andrzejmarjanski.pl\/?page_id=50"},"modified":"2025-07-19T08:34:37","modified_gmt":"2025-07-19T08:34:37","slug":"doswiadczenie-biznesowe","status":"publish","type":"page","link":"https:\/\/andrzejmarjanski.pl\/?page_id=50","title":{"rendered":"Do\u015bwiadczenie biznesowe"},"content":{"rendered":"\n<p>1984 \u2013 nadal \u2013 wsp\u00f3\u0142w\u0142a\u015bciciel Przedsi\u0119biorstwa Dremar s.c. w Je\u017cowie.<\/p>\n\n\n\n<p>2024 \u2013 nadal &#8211; Otwarte Forum Dyskusyjne \u201eBiznes z Nauk\u0105 \u2013 Nauka z Biznesem\u201d \u2013 cz\u0142onek Rady Programowej.<\/p>\n\n\n\n<p>2022 \u2013 nadal \u2013 cz\u0142onek komisji rewizyjnej oddzia\u0142u \u0142\u00f3dzkiego Polskiego Towarzystwa Ekonomicznego&nbsp;.<\/p>\n\n\n\n<p>2019 \u2013 nadal &#8211; &nbsp;wiceprzewodnicz\u0105cy Rady Nadzorczej Powiatowego Centrum Zdrowia w Brzezinach sp. z o.o.<\/p>\n\n\n\n<p>2013 \u2013 2015 \u2013 cz\u0142onek Krajowej Rady Przedsi\u0119biorczo\u015bci przy Ministrze Gospodarki.<\/p>\n\n\n\n<p>1999- 2002 \u2013 wiceprzewodnicz\u0105cy Rady Spo\u0142ecznej Zespo\u0142u Opieki Zdrowotnej w Brzezinach.<\/p>\n\n\n\n<p><\/p>\n","protected":false},"excerpt":{"rendered":"<p>1984 \u2013 nadal \u2013 wsp\u00f3\u0142w\u0142a\u015bciciel Przedsi\u0119biorstwa Dremar s.c. w Je\u017cowie. 2024 \u2013 nadal &#8211; Otwarte Forum Dyskusyjne \u201eBiznes z Nauk\u0105 \u2013 Nauka z Biznesem\u201d \u2013 cz\u0142onek Rady Programowej. 2022 \u2013 nadal \u2013 cz\u0142onek komisji rewizyjnej oddzia\u0142u \u0142\u00f3dzkiego Polskiego Towarzystwa Ekonomicznego&nbsp;. 2019 \u2013 nadal &#8211; &nbsp;wiceprzewodnicz\u0105cy Rady Nadzorczej Powiatowego Centrum Zdrowia w Brzezinach sp. z o.o. [&hellip;]<\/p>\n","protected":false},"author":1,"featured_media":0,"parent":0,"menu_order":0,"comment_status":"closed","ping_status":"closed","template":"","meta":{"ngg_post_thumbnail":0,"footnotes":""},"class_list":["post-50","page","type-page","status-publish","hentry"],"_links":{"self":[{"href":"https:\/\/andrzejmarjanski.pl\/index.php?rest_route=\/wp\/v2\/pages\/50","targetHints":{"allow":["GET"]}}],"collection":[{"href":"https:\/\/andrzejmarjanski.pl\/index.php?rest_route=\/wp\/v2\/pages"}],"about":[{"href":"https:\/\/andrzejmarjanski.pl\/index.php?rest_route=\/wp\/v2\/types\/page"}],"author":[{"embeddable":true,"href":"https:\/\/andrzejmarjanski.pl\/index.php?rest_route=\/wp\/v2\/users\/1"}],"replies":[{"embeddable":true,"href":"https:\/\/andrzejmarjanski.pl\/index.php?rest_route=%2Fwp%2Fv2%2Fcomments&post=50"}],"version-history":[{"count":5,"href":"https:\/\/andrzejmarjanski.pl\/index.php?rest_route=\/wp\/v2\/pages\/50\/revisions"}],"predecessor-version":[{"id":399,"href":"https:\/\/andrzejmarjanski.pl\/index.php?rest_route=\/wp\/v2\/pages\/50\/revisions\/399"}],"wp:attachment":[{"href":"https:\/\/andrzejmarjanski.pl\/index.php?rest_route=%2Fwp%2Fv2%2Fmedia&parent=50"}],"curies":[{"name":"wp","href":"https:\/\/api.w.org\/{rel}","templated":true}]}}